pose -50*r + 70 = 42*r - 82*r. Suppose -2*l + 2*o + 103 = 3*l, o = 2*l - 41. What is the greatest common divisor of l and r?
7
Let d be (2 + (-26)/3)/(156/(-3042)). What is the greatest common factor of d and 10?
10
Let d(b) = 7*b**2 - 1. Let h be d(-1). Let n be 11/4 - (-2)/8. Suppose r = -2*r, r + 18 = n*u. Calculate the greatest common factor of h and u.
6
Let f = -218 + 269. Calculate the highest common divisor of f and 102.
51
Let o be 15/(-9)*(-6)/(-8)*12. Let u be ((-3)/(-5))/(o/(-75)). What is the greatest common divisor of u and 27?
3
Let j(w) = w**2 - w + 1. Let f(y) = 2*y**2 - 27*y + 25. Let s(h) = f(h) + j(h). Let v be s(11). What is the highest common factor of v and 9?
9
Suppose -j - 12 = -3*a, j + 2*j + 5*a - 34 = 0. Suppose 11 = j*t - 19. Calculate the greatest common factor of 110 and t.
10
Suppose 0 = 3*r + 4*p - 2150, -5*r + 3568 = 276*p - 277*p. What is the greatest common factor of r and 51?
51
Suppose 4*k = 7*r - 3*r - 64, 0 = -r - 2*k + 19. Calculate the highest common divisor of r and 85.
17
Let y be (-8)/(-10)*5/(-2). Let j be 0/(8/(y - 2)). Let h be -1*(j - -1)*-8. Calculate the greatest common factor of 8 and h.
8
Let c = -15 + 12. Let m be c*(3 - 230/6). Suppose -4*h = x + x - m, 0 = -5*h - x + 125. What is the greatest common factor of 6 and h?
6
Suppose -124 = -4*b + 3*u - 2*u, 2*u = -2*b + 52. Let d = 1364 + -1344. Calculate the greatest common divisor of d and b.
10
Let o = -5 - -4. Let b be 60/(-24)*o*2. Suppose 2*l = b*l - 12. Calculate the greatest common factor of 4 and l.
4
Let h(s) = 3*s**2 - 2*s + 2. Let n be (5 + 2)*(-2)/(-7). Suppose 3*f - n*f - 2 = 0. Let d be h(f). Calculate the highest common divisor of d and 4.
2
Let y be (7/14)/((33/(-12))/(-11)). What is the greatest common factor of 29 and y?
1
Suppose -d + 9 - 1 = 0. Let t be 262/d + 9/36. Calculate the highest common factor of t and 3.
3
Let n = -302 - -442. Let p = 7 - 5. Suppose p*z + z = 84. What is the greatest common divisor of z and n?
28
Let i = 154 - 167. Let n(p) = p**3 + 14*p**2 + 13*p + 14. Let k be n(i). Suppose -2*b + 4 + 10 = 0. Calculate the highest common divisor of b and k.
7
Let o(d) = 5*d**3 - 4*d**2 - 6*d + 8. Let y = -15 + 10. Let b be 4/3*(-15)/y. Let t be o(b). What is the highest common factor of 30 and t?
30
Suppose -4*w - f = -21, 0 = -0*w - w + 2*f - 6. Suppose 0 = -4*b - 12, 10*c - 219 = 7*c - w*b. Calculate the greatest common factor of c and 11.
11
Let s be 7/(-3)*(-3 + -25 + -8). Calculate the highest common factor of s and 24.
12
Suppose 3*f + 0*f + 3*f = 0. Suppose -4*t = -2*o - 3*t + 91, -3*o + 4*t + 144 = f. Calculate the highest common divisor of 44 and o.
44
Let i(l) = 3 + 51*l**3 - 4*l**2 - 20*l**3 + 2*l + 2*l**2 - 4. Let s be i(1). Calculate the highest common factor of 90 and s.
30
Let g = 137 - 116. What is the highest common factor of g and 9?
3
Let l(o) = -4*o + 51. Let m be l(12). Suppose -4*n + 4 = 0, 4*v - 426 + 39 = -m*n. Calculate the highest common factor of 12 and v.
12
Suppose -23 = -4*j + 33. Suppose -78*o - 26*o = -23*o - 2835. Calculate the greatest common factor of o and j.
7
Suppose 66*j - 315 = 61*j. Calculate the highest common factor of j and 18.
9
Let u be (2/(-2))/(4/60). Let m be (29/(-5))/(3/u). Suppose -4 = -3*p + m. Calculate the greatest common factor of 33 and p.
11
Let m = 418 + -352. Calculate the highest common divisor of m and 12.
6
Suppose 7*n = 6*n + 81. Suppose -204 = 5*u + r, -u - r - n = u. Let c = u + 125. Calculate the highest common factor of c and 21.
21
Let w = 361 + -53. Let s = 68 - 40. Calculate the greatest common factor of s and w.
28
Let l be -1 - -2 - (0 + -1). Suppose -j + 6*j - 50 = 5*d, -4*j - l*d + 28 = 0. Suppose 8*a + 1174 - 1430 = 0. Calculate the highest common divisor of j and a.
8
Let m = -5 + 8. Let w be 12*2/(-24)*-4. Suppose 0 = w*l + 26 - 110. What is the greatest common factor of l and m?
3
Suppose d = -d + 80. Let v = d + -32. Let q be (24/15)/(-4)*-160. Calculate the greatest common divisor of v and q.
8
Suppose -4*p - 2*x + 628 = p, 5*p - 635 = 5*x. What is the greatest common factor of p and 18?
18
Suppose 5*c + 4*p = -58 + 631, 5*p = 5*c - 600. What is the greatest common divisor of 26 and c?
13
Suppose 2*r + 31 = 3*j, 0*r - 34 = -4*j - r. Let y(t) = 2*t**2 + 12*t. Let h be y(-9). Calculate the greatest common divisor of j and h.
9
Let v(g) = 7*g**3 - 3*g**2 + g - 1. Let k be v(2). Let m = k + -13. Calculate the highest common factor of 160 and m.
32
Let i(j) = 56*j**3 + j. Let f be i(1). Let n be -1*3*f/(-9). Let s be (-418)/(6/(-4)*76/57). Calculate the highest common divisor of s and n.
19
Suppose -3*s = -6 - 9. Suppose z = s - 3. What is the greatest common divisor of 18 and z?
2
Suppose 2 - 82 = -4*x - k, 0 = -2*x + 4*k + 40. Calculate the highest common divisor of x and 340.
20
Suppose -p = -3*m + 1355, 1780 = 6*m - 2*m + 4*p. Calculate the highest common divisor of m and 50.
50
Suppose -3*y + 7216 = 5*x, 0 = x - 0*x - y - 1448. Calculate the greatest common divisor of 85 and x.
85
Let y(g) = 0*g**2 - 6*g + g**3 + 5*g**2 - 7*g**2. Suppose -3*f - 3*i = -30, 2*i - 10 = f - i. Let n be y(f). What is the greatest common factor of 5 and n?
5
Let b be (0 - -6 - -14)*6/8. Let z be (-2)/4 - 5/((-50)/b). Calculate the greatest common divisor of z and 4.
1
Suppose -4*k + 2*k - 68 = -2*q, -154 = -5*q + k. Let t be 10*(1 - 0 - 18/q). Calculate the greatest common divisor of t and 4.
4
Let i = -61 + 66. Let q(t) = t**2 - 2*t + 27. Let m be q(i). What is the greatest common factor of m and 28?
14
Suppose 4*y + 98 = 2*s, 3*s + 14*y = 18*y + 153. What is the highest common divisor of 10 and s?
5
Suppose 6*i = 4*n + 2*i - 68, 3*i - 29 = -n. Let k = n + -15. What is the greatest common divisor of k and 40?
5
Let u(c) = -28*c**2 + 2*c + c**3 + 16 - 13*c + 18*c**2. Let q be u(11). Let f = q - 7. What is the highest common factor of 72 and f?
9
Let l(w) = -4*w - 3. Let y be l(0). Let m(o) = -o**3 - o**2 + 6*o + 1. Let v be m(y). What is the highest common factor of 10 and v?
1
Let h = 919 + -884. What is the highest common divisor of h and 175?
35
Suppose 0 = -3*z + 3*s + 3693, 2482 = -12*z + 14*z + 3*s. What is the greatest common divisor of z and 65?
65
Let u = -10 - -14. Let h be (-6)/(-16) - (-225)/40. Let w be h + ((-24)/u - -4). What is the greatest common divisor of 36 and w?
4
Let i(f) = 8*f**2 - 5*f + 6. Let q be i(1). Suppose 8*w - q*w + 18 = 0. Calculate the highest common divisor of w and 90.
18
Suppose -r - 4*r - 3*m - 51 = 0, -2*r = -4*m + 10. Let q = r - -26. Let f = 49 + 70. What is the highest common factor of f and q?
17
Let h = -712 - -952. Calculate the greatest common divisor of h and 192.
48
Let l = -5 - -9. Let f = 378 - 375. Suppose 0 = -3*o + l*r + 6 - 2, 3*o = f*r + 9. Calculate the greatest common factor of 40 and o.
8
Suppose -12 = -3*i, 9*i = j + 13*i - 47. Let k(s) = 5*s - 7. Let y be k(8). Suppose -y = 2*p - 467. Calculate the greatest common divisor of p and j.
31
Let q(y) = 2*y**2 - 4. Let j be q(-3). Let p = 96 - 40. What is the greatest common divisor of p and j?
14
Suppose 0*f + 114 = 2*l + 2*f, l - 57 = -4*f. What is the greatest common factor of 114 and l?
57
Suppose 6*v - 780 = -0*v. Suppose -5*y + v = 4*i, -i + 34 = y + y. What is the highest common divisor of 12 and i?
6
Suppose -5*o = 2*v - 165, 3*v - 3*o - 273 + 36 = 0. Let a = v + -30. Calculate the greatest common divisor of a and 20.
10
Let q(i) = -17*i - 130. Let n be q(-8). What is the greatest common divisor of n and 66?
6
Suppose 0 = 3*r + 4*z - 761, -19*r = -17*r + z - 509. Calculate the greatest common factor of 51 and r.
51
Let i be (-4)/18 - (-908)/36. Suppose -5*s - 2*q + 2 = -2*s, -26 = -4*s + 2*q. Let u = 229 - s. Calculate the greatest common factor of u and i.
25
Suppose 0 = -65*k + 83*k - 4644. What is the highest common divisor of 6 and k?
6
Let g be 28/(-3)*-4*3. Suppose 35*i + 5*i - 640 = 0. Calculate the highest common divisor of i and g.
16
Suppose 5*y = -4*x + 16, -14*x + 17 = -13*x - 2*y. Calculate the greatest common divisor of 99 and x.
9
Let t = -196 - -320. Calculate the highest common factor of t and 217.
31
Let s(w) = w**2 + 2*w + 8. Let l be s(6). What is the highest common divisor of l and 8?
8
Let d be ((-15)/7 + 3)*7. Supp